 a prime number?
False
Is 11968547 a prime number?
True
Is 29046379 composite?
False
Is 20997101 a prime number?
True
Is 7418993 a composite number?
True
Is 7697713 a composite number?
False
Is 318226 a prime number?
False
Is 472526709 prime?
False
Is 235830541 a composite number?
False
Is 16661317 a prime number?
True
Is 9246665 a prime number?
False
Is 194613943 composite?
True
Is 9790331 a prime number?
True
Is 78819083 prime?
False
Is 3564811 composite?
True
Is 172243301 a composite number?
True
Is 3278039 prime?
True
Is 14228819 a composite number?
True
Is 59200907 a prime number?
True
Is 15203927 a prime number?
False
Is 130655897 a prime number?
False
Is 107801417 a composite number?
True
Is 655799171 a prime number?
False
Is 893349305 a prime number?
False
Is 5915407 prime?
False
Is 5024023 a prime number?
True
Is 145431191 composite?
False
Is 28413187 prime?
False
Is 861409 composite?
True
Is 31269067 prime?
True
Is 46234427 composite?
True
Is 212791 a prime number?
True
Is 2959519 a composite number?
True
Is 1423711957 a composite number?
False
Is 138429257 a prime number?
False
Is 68251349 a composite number?
True
Is 31120337 composite?
False
Is 4342769 a composite number?
True
Is 9660295 a prime number?
False
Is 31817441 a composite number?
True
Is 20882549 a prime number?
False
Is 5129821 prime?
False
Is 198154753 prime?
True
Is 52106209 a composite number?
False
Is 10051759 a composite number?
True
Is 8277509 a prime number?
True
Is 8769653 a prime number?
True
Is 4370179 a prime number?
False
Is 2198653 composite?
False
Is 6723193 prime?
True
Is 109016321 a composite number?
False
Is 131753 a composite number?
True
Is 5372879 a prime number?
True
Is 444350659 prime?
True
Is 131245393 a composite number?
False
Is 153860858 a prime number?
False
Is 5986849 composite?
True
Is 7535109 prime?
False
Is 797813 composite?
False
Is 39759581 a prime number?
True
Is 107681093 a prime number?
False
Is 76726223 a composite number?
True
Is 6074381 a prime number?
True
Is 21875827 a composite number?
False
Is 8786738 prime?
False
Is 6977171 a composite number?
False
Is 6313327 a composite number?
False
Is 94103533 a prime number?
True
Is 381337 composite?
True
Is 416956279 composite?
True
Is 70300409 a composite number?
False
Is 803819 composite?
False
Is 2353913 a composite number?
False
Is 220330241 composite?
False
Is 68350741 prime?
True
Is 3477335 prime?
False
Is 112540277 a composite number?
False
Is 403927 a composite number?
True
Is 4787162 composite?
True
Is 568681843 a composite number?
False
Is 14472869 a prime number?
False
Is 31075249 composite?
True
Is 7967473 a prime number?
False
Is 282445307 a prime number?
False
Is 317731 prime?
True
Is 4940035 a prime number?
False
Is 59049031 a prime number?
False
Is 293969857 a prime number?
True
Is 82601 composite?
False
Is 213147929 composite?
False
Is 459528662 composite?
True
Is 9705001 prime?
True
Is 3881887 composite?
False
Is 13381231 composite?
False
Is 99538709 composite?
False
Is 123373 a prime number?
True
Is 18610909 a prime number?
True
Is 33111083 a composite number?
False
Is 2972119 a composite number?
False
Is 7970471 a prime number?
True
Is 1116607 prime?
False
Is 279876281 composite?
True
Is 21062623 prime?
True
Is 57204067 composite?
False
Is 628896847 a composite number?
False
Is 11622097 a prime number?
False
Is 39961871 a prime number?
True
Is 165137173 a prime number?
True
Is 9389551 prime?
True
Is 9681797 composite?
False
Is 17036623 a composite number?
True
Is 147739213 a composite number?
False
Is 3044987 a prime number?
False
Is 67984463 a composite number?
False
Is 5955107 composite?
False
Is 1702431037 a composite number?
False
Is 13934461 composite?
False
Is 6669983 prime?
True
Is 4161331 a composite number?
False
Is 1299931991 composite?
True
Is 26960777 prime?
True
Is 65467019 composite?
False
Is 31507507 a prime number?
True
Is 101537173 composite?
False
Is 8009621 prime?
False
Is 74509363 a prime number?
True
Is 25415699 a prime number?
False
Is 122168581 prime?
True
Is 1115212687 prime?
True
Is 163769 prime?
False
Is 2856461 composite?
False
Is 110729 prime?
True
Is 2070877 composite?
False
Is 8116681 prime?
True
Is 15693763 composite?
True
Is 23356673 composite?
False
Is 765101 a composite number?
True
Is 18448447 a composite number?
False
Is 622199 prime?
False
Is 3078562 prime?
False
Is 86220587 composite?
False
Is 434228573 composite?
False
Is 74747 composite?
False
Is 420846481 prime?
False
Is 10602283 a composite number?
False
Is 15765149 composite?
False
Is 151315141 a prime number?
True
Is 24285839 composite?
False
Is 2069603 composite?
False
Is 1868983 composite?
False
Is 318077 a prime number?
True
Is 48439663 a prime number?
True
Is 696701 a prime number?
False
Is 210394749 a composite number?
True
Is 260489443 a prime number?
False
Is 1536959 composite?
False
Is 284317063 composite?
True
Is 8813131 composite?
True
Is 23876459 a prime number?
True
Is 47132713 composite?
False
Is 61607233 composite?
False
Is 17010079 a prime number?
True
Is 1739977 a composite number?
False
Is 1044809 composite?
False
Is 1919189 a prime number?
False
Is 6470897 prime?
False
Is 17745127 a composite number?
True
Is 7866353 a prime number?
False
Is 2118307 a composite number?
True
Is 36072889 prime?
True
Is 9575801 a prime number?
True
Is 3926047 prime?
True
Is 57677327 a composite number?
False
Is 1901623 prime?
False
Is 4328399 a prime number?
False
Is 3112979 a prime number?
False
Is 37074181 a composite number?
False
Is 29336761 a composite number?
False
Is 109246 prime?
False
Is 879317 composite?
True
Is 258696091 a composite number?
False
Is 39003665 a composite number?
True
Is 27734263 prime?
False
Is 45371173 composite?
False
Is 18910169 a prime number?
True
Is 106284441 a prime number?
False
Is 6421 a composite number?
False
Is 113888843 a prime number?
True
Is 386839 composite?
False
Is 14626771 a composite number?
True
Is 97513061 composite?
False
Is 61174523 prime?
False
Is 2008619 composite?
True
Is 10242263 a composite number?
False
Is 222303623 a composite number?
False
Is 36410117 a prime number?
False
Is 172116583 a prime number?
True
Is 3176053 a prime number?
True
Is 56767613 composite?
True
Is 13205891 a composite number?
False
Is 5449099 a prime number?
True
Is 18170083 composite?
False
Is 666583 composite?
True
Is 1545373 composite?
True
Is 1455697 a composite number?
False
Is 12915481 a composite number?
True
Is 17329541 a composite number?
True
Is 7915823 prime?
False
Is 7784723 a prime number?
True
Is 6908327 prime?
False
Is 2900621 a composite number?
False
Is 237191039 prime?
False
Is 16691207 prime?
False
Is 11435401 composite?
False
Is 281062787 a prime number?
False
Is 50256049 a prime number?
True
Is 332573971 prime?
True
Is 17278607 a prime number?
True
Is 334999 composite?
True
Is 60410203 prime?
False
Is 6253117 composite?
True
Is 438049331 prime?
False
Is 35120471 composite?
True
Is 178858507 a composite number?
True
Is 6742831 a prime number?
False
Is 670753 composite?
True
Is 531649851 a prime number?
False
Is 15734098 a prime number?
False
Is 8644397 composite?
False
Is 2610449 composite?
False
Is 233922911 a prime number?
False
Is 30602973 prime?
False
Is 111634807 prime?
True
Is 3055771 a composite number?
True
Is 39279701 prime?
False
Is 2272247 a composite number?
True
Is 2980151 a composite number?
True
Is 6777769 a prime number?
True
Is 492463 prime?
True
Is 261979 a composite number?
True
Is 64622003 composite?
True
Is 78090086 a composite number?
True
Is 16334587 a prime number?
True
Is 822610641 a composite number?
True
Is 100567849 prime?
True
Is 271644677 composite?
True
Is 14010079 a prime number?
False
Is 82114741 composite?
False
Is 34612603 a composite number?
True
Is 175159 a prime number?
False
Is 14899333 a composite number?
True
Is 61389371 a prime number?
True
Is 40647743 a composite number?
False
Is 34167889 prime?
False
Is 92609 a composite number?
True
Is 361313 composite?
False
Is 9343885 a prime number?
False
Is 152127329 prime?
True
Is 18079709 a prime number?
True
Is 48475514 a composite number?
True
Is 5901971 composite?
False
Is 9247947 composite?
True
Is 26538047 a composite number?
True
Is 56